n base 9, what is -5 - 2262?
-2267
In base 11, what is 122 + -2?
120
In base 5, what is -10 - 13134?
-13144
In base 3, what is -110 + 2111?
2001
In base 13, what is 19 - b?
b
In base 14, what is -3 - -152?
14d
In base 14, what is 29 - -2?
2b
In base 4, what is -2 - -1020?
1012
In base 6, what is 221 - -5?
230
In base 9, what is 2 - -181?
183
In base 12, what is -3 + -688?
-68b
In base 9, what is -34 + 3?
-31
In base 4, what is -1 - -31211?
31210
In base 6, what is -3 - -1354?
1351
In base 9, what is 15 + 30?
45
In base 15, what is -4 - -d2?
cd
In base 9, what is -46 - -10?
-36
In base 9, what is 63 - 3?
60
In base 9, what is 101 + -2?
88
In base 7, what is 6 + 10?
16
In base 11, what is -2232 + 2?
-2230
In base 13, what is 8ab + 4?
8b2
In base 14, what is -4 + -16a?
-170
In base 14, what is 3d2 + 3?
3d5
In base 11, what is -2 + -282?
-284
In base 5, what is -1 - -14123?
14122
In base 13, what is 25 + -4?
21
In base 7, what is 160 - -5?
165
In base 5, what is -103 + 20?
-33
In base 16, what is 76e + 5?
773
In base 6, what is 10 - -23?
33
In base 7, what is 3 + 41?
44
In base 10, what is 0 - 4632?
-4632
In base 6, what is 3 - 154?
-151
In base 10, what is 5 - 1392?
-1387
In base 15, what is 5 - 4e7?
-4e2
In base 8, what is 5 + 62?
67
In base 6, what is -4 + 100335?
100331
In base 10, what is -15 - 6?
-21
In base 8, what is -60 + -7?
-67
In base 6, what is 5 + -34?
-25
In base 7, what is 23 - -132?
155
In base 6, what is -30 + -10?
-40
In base 3, what is -121001 - 0?
-121001
In base 15, what is 59a + -5?
595
In base 6, what is 1 - -14154?
14155
In base 11, what is 4 + -16?
-12
In base 12, what is 10 - 1?
b
In base 8, what is -671 + -15?
-706
In base 16, what is -1 - 97?
-98
In base 7, what is 11 + -1425?
-1414
In base 10, what is -37 - 6?
-43
In base 5, what is -13 + 3?
-10
In base 2, what is 101 - 1001101101?
-1001101000
In base 8, what is 1654 + -1?
1653
In base 8, what is -12 - -166?
154
In base 16, what is -26 + -5?
-2b
In base 6, what is 0 + -51?
-51
In base 16, what is -c7 + -2?
-c9
In base 9, what is -28 - -3?
-25
In base 3, what is -10 - 11020211?
-11020221
In base 11, what is -1 - 999?
-99a
In base 12, what is -2 - 176?
-178
In base 6, what is -22 + 23?
1
In base 3, what is 1 + -11111022?
-11111021
In base 4, what is 2332 + 11?
3003
In base 11, what is 3 + 396?
399
In base 13, what is 91 - 1b?
73
In base 14, what is 10 + 2?
12
In base 10, what is -24 + 52?
28
In base 6, what is 2444 - -13?
2501
In base 7, what is 22 + 2?
24
In base 15, what is 2 + 4b6?
4b8
In base 15, what is -58 - -31?
-27
In base 12, what is 19b + 5?
1a4
In base 11, what is -4 + 456?
452
In base 9, what is -134 + 1?
-133
In base 13, what is -18c7 + 4?
-18c3
In base 16, what is -5 - 43?
-48
In base 10, what is 3 - -540?
543
In base 3, what is 120 - 12?
101
In base 6, what is -1 + 2213?
2212
In base 15, what is 1c6 + -5?
1c1
In base 5, what is 2331332 + -1?
2331331
In base 16, what is -b + -2b1?
-2bc
In base 6, what is -2 - -251?
245
In base 11, what is 5 + -320?
-316
In base 12, what is -3 - -36?
33
In base 11, what is -5 - -1a21?
1a17
In base 12, what is 4 + 33?
37
In base 13, what is 13 - -4?
17
In base 4, what is 0 + -1223?
-1223
In base 7, what is 5 - 531?
-523
In base 7, what is 21 - -1504?
1525
In base 3, what is 2 - -202010?
202012
In base 8, what is -2620 - 0?
-2620
In base 3, what is 12101202 + -12?
12101120
In base 10, what is 4 - -2045?
2049
In base 14, what is 6 + 127?
12d
In base 8, what is -7 - 7?
-16
In base 10, what is -2 + -143?
-145
In base 10, what is -2 - 500?
-502
In base 8, what is -2 - 301?
-303
In base 2, what is 1011110 - 11001000?
-1101010
In base 11, what is -4 + -5?
-9
In base 13, what is 3 - bb2?
-bac
In base 5, what is 2423 + 1?
2424
In base 15, what is -6 - -4?
-2
In base 14, what is 94 - 0?
94
In base 14, what is -4 - 6ab?
-6b1
In base 2, what is 100111000010 - 100?
100110111110
In base 13, what is -43b + -3?
-441
In base 5, what is -22 + -14?
-41
In base 12, what is 657 + -2?
655
In base 16, what is -2d - 12?
-3f
In base 9, what is 7 + -460?
-452
In base 7, what is -6 + -60?
-66
In base 2, what is -1010001010 + -101?
-1010001111
In base 11, what is -42 + 2?
-40
In base 9, what is -3 + -25?
-28
In base 11, what is 102 + -19?
94
In base 13, what is -3878 - -2?
-3876
In base 11, what is -204 + 15?
-19a
In base 16, what is -5 + -123?
-128
In base 3, what is -100220111 - -10?
-100220101
In base 5, what is 41 - -1121?
1212
In base 4, what is 3 - -10203?
10212
In base 7, what is -14 - -5102?
5055
In base 6, what is 500 + -2?
454
In base 10, what is -10 + -1459?
-1469
In base 13, what is -2466 + 0?
-2466
In base 4, what is -2123 - 11?
-2200
In base 10, what is -4 + -5?
-9
In base 8, what is 2 - -2633?
2635
In base 10, what is -16 + -3?
-19
In base 16, what is ea + 4?
ee
In base 12, what is 2 + 27?
29
In base 11, what is -13 + -79?
-91
In base 2, what is -100 + 1001000010?
1000111110
In base 2, what is 100 + 110101?
111001
In base 5, what is 201 + -4?
142
In base 5, what is 1 + -2212?
-2211
In base 9, what is 188 - -1?
200
In base 13, what is 4 + -1554?
-1550
In base 13, what is 5 + 23c?
244
In base 13, what is -26 - -15?
-11
In base 2, what is 1 - 1000?
-111
In base 14, what is 19 + -2?
17
In base 10, what is 8 + 10?
18
In base 5, what is -240 - -201?
-34
In base 5, what is -101 - 40?
-141
In base 7, what is -266 - 26?
-325
In base 4, what is -3 - 31122?
-31131
In base 8, what is 32217 - -3?
32222
In base 2, what is -1 - 110001?
-110010
In base 10, what is -3547 - -4?
-3543
In base 9, what is -260 - 0?
-260
In base 3, what is -200210110 + -11?
-200210121
In base 12, what is 2 - -b8a?
b90
In base 8, what is -1073 + -2?
-1075
In base 6, what is -3 + -21102?
-21105
In base 15, what is -13e + 4?
-13a
In base 14, what is -491 - 2?
-493
In base 12, what is 57 + 4?
5b
In base 12, what is -1 - -2421?
2420
In base 7, what is -1 + -250?
-251
In base 14, what is 1 - -144?
145
In base 12, what is 582 - -28?
5aa
In base 3, what is 1002 + 2000?
10002
In base 5, what is 1010 - 10?
1000
In base 8, what is 2 - 1016?
-1014
In base 10, what is 5 + 440?
445
In base 3, what is -10 + 200002?
122222
In base 3, what is 1011 - 1112?
-101
In base 11, what is 3392 - -1?
3393
In base 15, what is -2e6c - -4?
-2e68
In base 9, what is -5 - -11731?
11725
In base 9, what is 1380 + 4?
1384
In base 8, what is -2034 + 5?
-2027
In base 2, what is 10 + -10001?
-1111
In base 2, what is 1100010111000 - 100?
1100010110100
In base 2, what is -1011011101010 - -100?
-1011011100110
In base 16, what is -17 - 8?
-1f
In base 8, what is 6765 + 4?
6771
In base 7, what is 405 + -2?
403
In base 5, what is 201410 - 4?
201401
In base 6, what is -3 + 25?
22
In base 16, what is -d + 3?
-a
In base 6, what is 125 + 45?
214
In base 10, what is -4101 + -5?
-4106
In base 13, what is 70c - 2?
70a
In base 8, what is 600 - 0?
600
In base 16, what is 366 - 5?
361
In base 13, what is -2 - -60c?
60a
In base 9, what is 3 + 2463?
2466
In base 8, what is -17 - -1150?
1131
In base 13, what is 27 + -254?
-22a
In base 4, what is 31320 - 3?
31311
In base 8, what is 202 - 4?
176
In base 15, what is -2 + 492?
490
In base 6, what is 24501 - -2?
24503
In base 11, what is -14 + -39a?
-403
In base 14, what is 2228 - 4?
2224
In base 9, what is 2 + -437?
-435
In base 13, what is -27 + -14?
-3b
In base 2, what is 1010 + -10?
1000
In base 3, what is 0 + -102210?
-102210
In base 4, what is 2030 - 11?
2013
In base 8, what is -501 - -10?
-471
In base 12, what is -9 - -5?
-4
In base 11, what is -3 + 33a?
337
In base 16, what is 4 + -e3?
-df
In base 16, what is 4 + 5a?
5e
In base 8, what is 4 + 71?
75
In base 9, what is -5665 + 3?
-5662
In base 4, what is -11 - 131232?
-131303
In base 2, what is -101 - 11101?
-100010
In base 3, what is 20020 - -12?
20102
In base 7, what is 213043 - 5?
213035
In base 4, what is 210223 - -2?
210231
In base 8, what is -16 + -35?
-53
In base 6, what is 134 - 30?
104
In base 9, what is 5 + -28?
-23
In base 15, what is -1074 - -3?
-1071
In base 12, what is -2 - 1051?
-1053
In base 6, what is -2010 + -1?
-2011
In base 15, what is 2 + 190?
192
In base 5, what is -422 - 2?
-424
In base 16, what is -1f3 - c?
-1ff
In base 11, what is -1282 + -4?
-1286
In base 11, what is 28a6 - -3?
28a9
In base 11, what i